t of 2542924?
2
What is the ten thousands digit of 17631011?
3
What is the units digit of 533451?
1
What is the ten thousands digit of 14290589?
9
What is the units digit of 250313?
3
What is the units digit of 905098?
8
What is the tens digit of 413703?
0
What is the tens digit of 93015?
1
What is the hundreds digit of 12439810?
8
What is the tens digit of 430048?
4
What is the hundred thousands digit of 2817558?
8
What is the hundred thousands digit of 319331?
3
What is the ten thousands digit of 359960?
5
What is the tens digit of 90524?
2
What is the units digit of 221168?
8
What is the units digit of 103564?
4
What is the tens digit of 1155757?
5
What is the units digit of 4252943?
3
What is the ten thousands digit of 164728?
6
What is the hundreds digit of 244719?
7
What is the tens digit of 749012?
1
What is the hundreds digit of 25789895?
8
What is the ten thousands digit of 331231?
3
What is the units digit of 28722894?
4
What is the hundreds digit of 135421?
4
What is the thousands digit of 305756?
5
What is the ten millions digit of 26453410?
2
What is the millions digit of 10601913?
0
What is the tens digit of 4597796?
9
What is the units digit of 696268?
8
What is the thousands digit of 574711?
4
What is the hundred thousands digit of 796412?
7
What is the hundred thousands digit of 1435223?
4
What is the thousands digit of 100397?
0
What is the hundred thousands digit of 1700501?
7
What is the thousands digit of 7527880?
7
What is the tens digit of 26019925?
2
What is the tens digit of 172334?
3
What is the hundreds digit of 1745762?
7
What is the units digit of 4042085?
5
What is the hundreds digit of 488943?
9
What is the hundred thousands digit of 163377?
1
What is the hundred thousands digit of 2817199?
8
What is the tens digit of 125401?
0
What is the units digit of 693132?
2
What is the hundred thousands digit of 3094709?
0
What is the millions digit of 11849492?
1
What is the tens digit of 6980815?
1
What is the tens digit of 586634?
3
What is the hundreds digit of 10939749?
7
What is the tens digit of 295205?
0
What is the hundred thousands digit of 2872468?
8
What is the thousands digit of 6439125?
9
What is the ten thousands digit of 10921?
1
What is the hundreds digit of 572896?
8
What is the thousands digit of 114899?
4
What is the hundreds digit of 233239?
2
What is the hundred thousands digit of 169771?
1
What is the thousands digit of 204513?
4
What is the tens digit of 6078638?
3
What is the hundreds digit of 106714?
7
What is the ten millions digit of 14447889?
1
What is the hundred thousands digit of 632674?
6
What is the hundred thousands digit of 5239556?
2
What is the hundreds digit of 69619?
6
What is the millions digit of 22844828?
2
What is the units digit of 2809?
9
What is the units digit of 323562?
2
What is the units digit of 622837?
7
What is the ten thousands digit of 115390?
1
What is the millions digit of 7780978?
7
What is the hundreds digit of 8596134?
1
What is the ten thousands digit of 197368?
9
What is the units digit of 2476315?
5
What is the tens digit of 5076607?
0
What is the hundred thousands digit of 12530391?
5
What is the units digit of 177043?
3
What is the thousands digit of 178198?
8
What is the ten thousands digit of 251961?
5
What is the units digit of 215518?
8
What is the hundreds digit of 1543166?
1
What is the hundreds digit of 15377045?
0
What is the hundreds digit of 140369?
3
What is the hundred thousands digit of 185094?
1
What is the units digit of 790780?
0
What is the hundred thousands digit of 489543?
4
What is the hundred thousands digit of 5941482?
9
What is the units digit of 315136?
6
What is the tens digit of 2634704?
0
What is the thousands digit of 664748?
4
What is the units digit of 781815?
5
What is the hundreds digit of 184011?
0
What is the ten thousands digit of 1979085?
7
What is the hundred thousands digit of 601194?
6
What is the hundred thousands digit of 11107523?
1
What is the tens digit of 3314856?
5
What is the hundred thousands digit of 361843?
3
What is the units digit of 10219754?
4
What is the tens digit of 6986633?
3
What is the hundreds digit of 11221058?
0
What is the millions digit of 1539333?
1
What is the hundred thousands digit of 28763432?
7
What is the tens digit of 944314?
1
What is the ten thousands digit of 45842?
4
What is the units digit of 2458659?
9
What is the units digit of 981369?
9
What is the millions digit of 1220114?
1
What is the units digit of 37061711?
1
What is the thousands digit of 177849?
7
What is the tens digit of 7102189?
8
What is the hundred thousands digit of 777361?
7
What is the millions digit of 6697717?
6
What is the hundreds digit of 1788540?
5
What is the hundred thousands digit of 127415?
1
What is the tens digit of 190482?
8
What is the units digit of 3144496?
6
What is the tens digit of 26241200?
0
What is the units digit of 1278146?
6
What is the thousands digit of 160903?
0
What is the hundred thousands digit of 129568?
1
What is the tens digit of 15756930?
3
What is the millions digit of 1364466?
1
What is the tens digit of 8471787?
8
What is the tens digit of 229140?
4
What is the units digit of 19075717?
7
What is the hundreds digit of 478238?
2
What is the thousands digit of 2203877?
3
What is the hundreds digit of 996513?
5
What is the units digit of 10027659?
9
What is the hundred thousands digit of 541056?
5
What is the tens digit of 590764?
6
What is the ten thousands digit of 398012?
9
What is the hundreds digit of 108291?
2
What is the hundred thousands digit of 3996347?
9
What is the hundreds digit of 8158635?
6
What is the hundreds digit of 1999472?
4
What is the hundreds digit of 260269?
2
What is the units digit of 133713?
3
What is the hundreds digit of 1210922?
9
What is the ten thousands digit of 58713?
5
What is the ten thousands digit of 32598?
3
What is the thousands digit of 737580?
7
What is the hundreds digit of 222518?
5
What is the ten thousands digit of 571317?
7
What is the units digit of 678348?
8
What is the thousands digit of 2937780?
7
What is the millions digit of 7084260?
7
What is the hundred thousands digit of 222041?
2
What is the hundreds digit of 1595555?
5
What is the thousands digit of 2850298?
0
What is the units digit of 13361466?
6
What is the hundreds digit of 432915?
9
What is the hundreds digit of 3507996?
9
What is the ten thousands digit of 34580681?
8
What is the ten thousands digit of 16557687?
5
What is the hundreds digit of 6650302?
3
What is the units digit of 322212?
2
What is the millions digit of 7977894?
7
What is the tens digit of 2783610?
1
What is the hundred thousands digit of 606478?
6
What is the hundred thousands digit of 622356?
6
What is the hundreds digit of 154559?
5
What is the units digit of 129866?
6
What is the thousands digit of 380090?
0
What is the ten thousands digit of 369039?
6
What is the hundreds digit of 628569?
5
What is the ten thousands digit of 420617?
2
What is the thousands digit of 215539?
5
What is the hundreds digit of 21523177?
1
What is the thousands digit of 431332?
1
What is the ten thousands digit of 2061967?
6
What is the units digit of 808170?
0
What is the tens digit of 267026?
2
What is the hundreds digit of 2031483?
4
What is the units digit of 843712?
2
What is the hundreds digit of 7675138?
1
What is the millions digit of 6066915?
6
What is the ten thousands digit of 31019?
3
What is the hundreds digit of 9834841?
8
What is the millions digit of 9908001?
9
What is the millions digit of 1215039?
1
What is the hundreds digit of 681770?
7
What is the millions digit of 18155749?
8
What is the hundred thousands digit of 7054691?
0
What is the hundred thousands digit of 24827949?
8
What is the units digit of 354228?
8
What is the hundred thousands digit of 20493347?
4
What is the hundred thousands digit of 1009721?
0
What is the ten thousands digit of 148122?
4
What is the tens digit of 15141876?
7
What is the tens digit of 1379123?
2
What is the tens digit of 3679890?
9
What is the ten thousands digit of 56558?
5
What is the millions digit of 2195267?
2
What is the ten thousands digit of 1258518?
5
What is the tens digit of 1134413?
1
What is the millions digit of 4719029?
4
What is the thousands 